).
-5
Let s(k) = -8*k - 28. Determine s(-2).
-12
Let f(d) = -d - 4. Determine f(6).
-10
Let g(x) = -x**3 - 10*x**2 + 11*x - 14. Give g(-11).
-14
Let f(z) = z**2 + 8*z + 14. Give f(-6).
2
Let j(g) = 2*g**3 - 4. Determine j(-3).
-58
Let h(r) = -9*r + 48. What is h(5)?
3
Let t(u) = -u**3 - 28*u**2 - 33*u - 34. What is t(-27)?
128
Let i(l) = -l**2 + 4*l + 39. What is i(8)?
7
Let y(i) = 2*i**3 + 11*i**2 + 6*i - 6. Calculate y(-5).
-11
Let h(j) = -7*j + 2. What is h(-1)?
9
Let p(q) = q**3 + 4*q**2 - 9*q - 7. Calculate p(-5).
13
Let q(y) = -y + 27. Calculate q(9).
18
Let d(s) = -s + 23. Calculate d(20).
3
Let n(q) = q**3 - 11*q**2 + q - 15. What is n(11)?
-4
Let p(b) = -b**3 + 7*b**2 + 17*b + 2. Give p(8).
74
Let k(v) = 5*v + 31. Calculate k(-5).
6
Let u(c) = 6*c**3 - 2*c**2 + c + 1. Give u(1).
6
Let f(r) = r**3 - 10*r**2 + 16*r + 6. Calculate f(6).
-42
Let w(q) = -4*q - 93. Determine w(-22).
-5
Let p(u) = 12*u + 51. Determine p(-5).
-9
Let d(q) = q**3 - 3*q**2 - 7*q - 5. What is d(5)?
10
Let i(f) = -2*f**3 - 12*f**2 - 9*f - 53. What is i(-6)?
1
Let k(z) = z + 61. Give k(-11).
50
Let c(n) = n**3 - 16*n**2 - 19*n + 34. Calculate c(17).
0
Let y(t) = t**2 + 4*t + 2. Give y(-4).
2
Let q(a) = a**2 - 5*a - 4. Calculate q(-2).
10
Let a(l) = 8*l + 9. Give a(2).
25
Let u(r) = 7*r + 1. Calculate u(5).
36
Let z(a) = -a**3 + 33*a**2 + 2*a - 66. What is z(33)?
0
Let x(t) = -5*t - 2. Determine x(-2).
8
Let t(w) = -w**2 - 18*w - 21. What is t(-15)?
24
Let c(o) = o**3 - 2*o + 74. Determine c(0).
74
Let j(i) = i**3 + 4*i**2 - 19*i + 3. Give j(-7).
-11
Let z(p) = p - 29. Determine z(0).
-29
Let m(y) = -40*y**2 + 3*y + 4. What is m(-1)?
-39
Let n(f) = f**2 + 5*f - 2. Calculate n(-7).
12
Let g(j) = -j + 3. Determine g(2).
1
Let x(w) = w**2 - 15*w - 16. What is x(14)?
-30
Let o(t) = t**3 - 6*t**2 + 6*t - 12. What is o(5)?
-7
Let t(v) = v**3 + 6*v**2 - 9*v - 5. What is t(-7)?
9
Let i(r) = 3*r - 13. Determine i(2).
-7
Let g(y) = y**2 - 4*y + 2. Determine g(4).
2
Let j(k) = -9*k - 5. What is j(-3)?
22
Let a(u) = -3*u**2 - 19*u - 16. Give a(-5).
4
Let g(j) = 5*j - 11. Calculate g(-4).
-31
Let l(k) = k**3 - 3*k**2 + 3*k + 3. Calculate l(3).
12
Let s(b) = 5*b + 15. Determine s(-3).
0
Let d(o) = -o**2 + 12*o - 4. Calculate d(10).
16
Let f(w) = w - 43. Calculate f(29).
-14
Let g(p) = 9*p**2 - 152*p - 24. What is g(17)?
-7
Let s(v) = -v**3 + 9*v**2 - 2*v - 8. Determine s(6).
88
Let r(v) = v + 6. What is r(1)?
7
Let f(y) = 8*y + 168. Give f(-21).
0
Let m(a) = a**3 - 6*a**2 - 2*a + 1. Give m(6).
-11
Let l(m) = 2*m**2 - 84*m - 5. Determine l(42).
-5
Let l(v) = -2*v + 56. Determine l(23).
10
Let d(v) = -2*v**2 + 18*v - 16. Give d(6).
20
Let l(o) = -o**3 - 5*o**2 + o - 1. What is l(-6)?
29
Let b(v) = v**3 + 18*v**2 + 20*v + 2. Calculate b(-17).
-49
Let w(f) = -12*f**2 + 4. Determine w(-4).
-188
Let s(b) = b**3 - 8*b**2 - 3*b + 19. What is s(8)?
-5
Let u(v) = -2*v - 5. Calculate u(0).
-5
Let u(y) = 2*y**2 + 14*y + 15. Calculate u(-10).
75
Let x(l) = 2*l + 1. Determine x(-9).
-17
Let l(g) = -47*g - 181. Calculate l(-4).
7
Let s(g) = 3*g**2 + 126*g - 7. Determine s(-42).
-7
Let a(x) = -3*x**3 + x**2 + x + 1. Calculate a(-1).
4
Let o(y) = 9*y - 67. Determine o(8).
5
Let b(x) = -x**3 - 6*x**2 + 2*x + 2. Determine b(-6).
-10
Let y(o) = -19*o - 17. Calculate y(-3).
40
Let d(h) = -10*h**3 + 150*h**2 - h + 19. Calculate d(15).
4
Let t(b) = -b**3 + b**2 + 2*b + 6. What is t(3)?
-6
Let k(a) = -2*a**2 + 9*a - 16. Determine k(3).
-7
Let q(y) = 3*y + 18. Determine q(0).
18
Let y(v) = -5*v + 26. Determine y(11).
-29
Let y(b) = -2*b**2 + 22*b - 56. Determine y(6).
4
Let t(g) = 16*g**3 - 3*g**2 + g + 3. Determine t(-1).
-17
Let s(x) = -3*x**3 + 9*x**2 - 12*x + 6. Calculate s(2).
-6
Let j(y) = -41*y**3 - y**2 - y + 2. Calculate j(1).
-41
Let f(s) = 2*s**3 - 6*s**2 + 5*s + 14. Determine f(4).
66
Let w(p) = p**2 - 5*p. Determine w(-3).
24
Let n(t) = -t - 6. Determine n(8).
-14
Let d(m) = -10*m - 192. Calculate d(-21).
18
Let b(s) = 11*s - 189. Determine b(17).
-2
Let v(r) = 61*r**3 - r**2 - 2*r + 2. Determine v(1).
60
Let m(r) = 66*r - 125. Calculate m(2).
7
Let t(c) = -c**3 + 9*c**2 + 9*c - 6. Calculate t(10).
-16
Let r(g) = -g**3 - 23*g**2 + 32*g + 197. What is r(-24)?
5
Let n(u) = 2*u**3 + 11*u**2 + 9*u + 15. Give n(-5).
-5
Let s(o) = o**2 - 22*o + 51. Calculate s(19).
-6
Let b(l) = l - 50. Determine b(-18).
-68
Let s(b) = -b**3 + b + 2. Determine s(3).
-22
Let b(a) = 2*a + 7. Determine b(-7).
-7
Let q(j) = j**3 + 37*j**2 - 39*j - 38. What is q(-38)?
0
Let d(m) = -m**3 + 5*m**2 + m - 2. Calculate d(4).
18
Let q(b) = -b**3 - 7*b**2 - 5*b - 8. Determine q(-5).
-33
Let o(k) = 66*k + 62. Determine o(-1).
-4
Let p(f) = -f**2 + 2*f. Determine p(-1).
-3
Let m(z) = -2*z + 5. Give m(-8).
21
Let l(d) = -6*d + 12. What is l(7)?
-30
Let d(g) = 2*g**3 - 2*g**2 + 4*g - 1. What is d(1)?
3
Let a(o) = 14*o - 133. Give a(10).
7
Let a(f) = -f**3 - 9*f**2 - 8*f + 8. Give a(-9).
80
Let r(q) = 16*q + 57. Determine r(-5).
-23
Let z(n) = -2*n**2 + 24*n - 56. Calculate z(9).
-2
Let h(f) = f + 3. Determine h(-5).
-2
Let y(n) = n**2 - 5*n + 8. Calculate y(5).
8
Let a(c) = 4*c**2 - 2*c - 2. What is a(-2)?
18
Let u(i) = i**2 + 20*i + 7. Give u(-20).
7
Let c(m) = -m + 13. Give c(7).
6
Let g(y) = -y**2 - 6*y - 2. Calculate g(-5).
3
Let n(f) = f**3 + 2*f**2 - 5*f + 3. Determine n(-4).
-9
Let o(u) = 2*u**2 + 21*u + 3. Give o(-11).
14
Let w(q) = -2*q**3 + 15*q**2 + 7*q + 3. Give w(8).
-5
Let q(p) = p. Calculate q(3).
3
Let a(n) = 12*n + 79. Calculate a(-7).
-5
Let j(b) = -b**3 - 3*b**2 - 2*b - 2. What is j(-4)?
22
Let y(k) = -4*k**2 + 11*k - 3. Give y(3).
-6
Let o(f) = -f**3 - 8*f**2 + 3*f + 15. Give o(-8).
-9
Let q(r) = -98*r - 99. What is q(-1)?
-1
Let q(x) = 4*x - 43. Calculate q(10).
-3
Let k(c) = -23*c**2 + 2*c - 1. Determine k(1).
-22
Let a(c) = c. Give a(15).
15
Let j(i) = i**3 - 14*i**2 - 32*i - 28. Calculate j(16).
-28
Let n(l) = -2*l**2 + 6*l + 3. Calculate n(3).
3
Let a(i) = i - 73. Give a(70).
-3
Let x(w) = -w**2 + 9. Determine x(-3).
0
Let u(y) = -3*y + 99. Give u(34).
-3
Let c(y) = y**2 - 9*y + 10. What is c(13)?
62
Let i(j) = -j**3 - j**2 + 3. What is i(-2)?
7
Let i(d) = d**2 - 3*d + 3. Calculate i(3).
3
Let z(x) = x**3 - 20. Calculate z(0).
-20
Let u(k) = -k + 2. Give u(5).
-3
Let r(a) = 6*a + 12. What is r(13)?
90
Let c(w) = -w - 1. Calculate c(12).
-13
Let c(k) = k**2 - 26*k - 7. Determine c(26).
-7
Let l(o) = -o**2 + 3*o + 31. Determine l(7).
3
Let t(b) = b**2 - 11*b + 5. What is t(6)?
-25
Let s(r) = 14*r - 42. What is s(10)?
98
Let t(m) = 7*m - 60. Determine t(7).
-11
Let a(m) = m**3 + 20*m**2 + 26*m + 25. Give a(-19).
-108
Let y(m) = 5*m**3 + 25*m**2 + 4. Give y(-5).
4
Let v(g) = 9*g**2 - 4*g + 4. Calculate v(2).
32
Let w(i) = -3*i**3 - 2*i**2 - i - 15. Determine w(-3).
51
Let y(q) = 2*q**3 - 110*q**2 - q + 50. Give y(55).
-5
Let r(l) = -33*l - 326. Determine r(-10).
4
Let n(c) = c**2 + 7*c - 8. Give n(-7).
-8
Let m(k) = k + 26. Determine m(-18).
8
Let f(z) = z**3 + 10*z**2 + 4*z + 2. Give f(-8).
98
Let j(m) = -m**2 - 19*m - 49. Give j(-8).
39
Let v(t) = 19*t - 4. Determine v(1).
15
Let r(w) = 9*w**3 + w**2 + 2*w - 3. What is r(2)?
77
Let d(r) = r**2 - 4*r - 1. Calculate d(4).
-1
Let h(t) = 68*t - 260. Calculate h(4).
12
Let y(s) = s**3 + 19*s**2 + 2*s + 45. What is y(-19)?
7
Let a(n) = -n**3 - 5*n**2 - 2*n - 43. What is a(-6)?
5
Let t(p) = -17*p - 23. Calculate t(-6).
79
Let i(m) = -2*m - 9. What is i(-9)?
9
Let h(w) = -w**2 + 18*w - 14. Calculate h(17).
3
Let m(h) = 18*h**3 - 3*h**2 + 5*h - 4. Determine m(2).
138
Let p(x) = -x**2 - 3*x - 44. What is p(0)?
-44
Let z(r) = r**2 + r - 48. Calculate z(-7).
-6
Let f(g) = -g**2 + 5*g - 3. Calculate f(5).
-3
Let p(t) = t**2 + 15*t + 12. Calculate p(-11).
-32
Let f(r) = -r**3 + 12*r**2 + 2*r - 27. Give f(12).
-3
Let b(g) = 14*g**2 - 98*g + 7. What is b(7)?
7
Let n(x) = -2*x**3 - 4*x**2 - 5. Calculate n(-3).
13
Let c(t) = -3*t**2 + 31*t + 18. Determine c(11).
-4
Let l(p) = -p**3 - p**2 - p + 4. What is l(0)?
4
Let z(r) = -3*r**3 - 18*r**2 + 2*r + 18. What is z(-6)?
6
Let d(i) = i**3 - 17*i**2 + 21*i - 3. Determine d(16).
77
Let v(g) = g + 15. What is v(-13)?
2
Let f(l) = 4*l**2 + l - 2. What is f(-2)?
12
Let f(b) = -25*b - 33. Give f(-1).
-8
Let w(x) = -36*x - 2. Wha